{"id":19,"date":"2009-01-01T14:27:44","date_gmt":"2009-01-01T13:27:44","guid":{"rendered":"http:\/\/electromagnetic-universe-by-nnrozanov.org\/wp\/?page_id=19"},"modified":"2025-09-25T16:21:34","modified_gmt":"2025-09-25T15:21:34","slug":"5-gravitation-high-and-low-interactions5-la-gravitacion-la-accion-reciproca-debil-y-fuerte-5-%d0%b3%d1%80%d0%b0%d0%b2%d0%b8%d1%82%d0%b0%d1%86%d0%b8%d1%8f-%d1%81%d0%bb%d0%b0%d0%b1%d0%be%d0%b5","status":"publish","type":"page","link":"https:\/\/electromagnetic-universe-by-rozanov.space\/U_E_de_R\/?page_id=19","title":{"rendered":"La gravedad, la interacci\u00f3n d\u00e9bil y la interacci\u00f3n fuerte"},"content":{"rendered":"Numero de visitas - 8942<br\/><div class='epvc-post-count'><span class='epvc-eye'><\/span>  <span class=\"epvc-count\"> 453<\/span><span class='epvc-label'> - Visitantes<\/span><\/div><h3 style=\"text-align: right;\">\u00a0<a href=\"https:\/\/electromagnetic-universe-by-rozanov.space\/E_V_R\/?page_id=19\" target=\"_blank\" rel=\"noopener\"><img loading=\"lazy\" decoding=\"async\" class=\"alignnone size-full wp-image-4638\" src=\"https:\/\/electromagnetic-universe-by-rozanov.space\/U_E_de_R\/wp-content\/uploads\/flag-rus-100-50.jpg\" alt=\"\" width=\"100\" height=\"50\" \/><\/a> \u00a0<img loading=\"lazy\" decoding=\"async\" class=\"alignnone size-full wp-image-4637\" src=\"https:\/\/electromagnetic-universe-by-rozanov.space\/U_E_de_R\/wp-content\/uploads\/flag-eng-100-50.jpg\" alt=\"\" width=\"100\" height=\"50\" \/><\/h3>\n<p><img loading=\"lazy\" decoding=\"async\" class=\"aligncenter\" title=\"copyright_1.gif\" src=\"https:\/\/copyright.ru\/images\/TMCIMG\/copyright_1.gif\" alt=\"copyright_1.gif\" width=\"88\" height=\"31\" \/><\/p>\n<p style=\"text-align: right;\"><span style=\"font-family: book antiqua, palatino, serif; font-size: 24px;\"><strong>\u00a9 2006<\/strong><\/span><\/p>\n<p style=\"text-align: justify;\"><span style=\"font-family: book antiqua, palatino, serif; font-size: 24px;\"><strong><em>El Autor \u2013 <\/em><\/strong><a href=\"https:\/\/electromagnetic-universe-by-rozanov.space\/U_E_de_R\/?page_id=3\" target=\"_blank\" rel=\"noopener\"><em><strong>Roz\u00e1nov Nicol\u00e1i Nicol\u00e1evich<\/strong><\/em><\/a><em><strong>\u00a0<\/strong><\/em><\/span><\/p>\n<p style=\"text-align: justify;\"><span style=\"font-family: book antiqua, palatino, serif; font-size: 20px; color: #ff0000;\"><em>Las traducciones de los t\u00edtulos, de los art\u00edculos, de los libros, de las citaciones y declaraciones de los\u00a0cient\u00edficos &#8211; posiblemente\u00a0\u00a0no coinciden letra a letra\u00a0con las traducciones oficiales, si tal existieran.<\/em><\/span><\/p>\n<blockquote>\n<p style=\"text-align: justify; padding-left: 80px;\" data-start=\"39\" data-end=\"355\"><strong><span style=\"font-family: book antiqua, palatino, serif; font-size: 20px;\"><em>\u00abCon un instrumento tan poderoso como las leyes de Newton (<a href=\"http:\/\/es.wikipedia.org\/wiki\/Teorema_de_virial\" target=\"_blank\" rel=\"noopener\">El teorema del virial (R. Clausius<\/a> (El autor)), podemos calcular no solo fen\u00f3menos simples, como el movimiento de un p\u00e9ndulo, sino tambi\u00e9n los complejos desplazamientos de los planetas, con cualquier precisi\u00f3n que deseemos. Lo \u00fanico necesario es una m\u00e1quina que sepa hacer aritm\u00e9tica\u00bb.<\/em><\/span><\/strong><\/p>\n<p style=\"padding-left: 80px; text-align: right;\" data-start=\"357\" data-end=\"381\"><span style=\"font-family: book antiqua, palatino, serif; font-size: 20px;\"><em><strong>R. Feynman<\/strong> (42) p.177.<\/em><\/span><\/p>\n<p style=\"text-align: justify; padding-left: 80px;\" data-start=\"357\" data-end=\"381\"><em><strong><span style=\"font-family: book antiqua, palatino, serif; font-size: 20px;\">\u00abUna de las principales virtudes de la teor\u00eda moderna radica en que la interacci\u00f3n magn\u00e9tica de las corrientes el\u00e9ctricas constituye en ella una consecuencia inevitable de la ley de Coulomb. Si se cumplen los postulados de la teor\u00eda de la relatividad, si la carga el\u00e9ctrica es invariante y, finalmente, si la ley de Coulomb es v\u00e1lida, entonces los fen\u00f3menos que habitualmente se denominan \u201cmagn\u00e9ticos\u201d deben necesariamente existir\u00bb.<\/span><\/strong><\/em><\/p>\n<p style=\"padding-left: 80px; text-align: right;\" data-start=\"357\" data-end=\"381\"><em><span style=\"font-family: book antiqua, palatino, serif; font-size: 20px;\"><strong>E. Purcell<\/strong> ((28) p.181).<\/span><\/em><\/p>\n<\/blockquote>\n<p style=\"text-align: justify;\" data-start=\"595\" data-end=\"967\"><span style=\"font-family: book antiqua, palatino, serif; font-size: 20px;\">Los par\u00e1metros fundamentales empleados para el c\u00e1lculo de los coeficientes gravitacionales de los \u00e1tomos e is\u00f3topos de la tabla peri\u00f3dica de Mendel\u00e9yev son los potenciales de ionizaci\u00f3n, las energ\u00edas de enlace de las capas electr\u00f3nicas internas, el valor medio de la energ\u00eda de enlace de los nucleones en los n\u00facleos y las masas de los is\u00f3topos expresadas en kilogramos.<\/span><\/p>\n<p style=\"text-align: justify;\" data-start=\"969\" data-end=\"990\"><span style=\"font-family: book antiqua, palatino, serif; font-size: 20px;\">Fuentes utilizadas:<\/span><\/p>\n<ol data-start=\"992\" data-end=\"1360\">\n<li style=\"text-align: justify;\" data-start=\"992\" data-end=\"1111\">\n<p data-start=\"995\" data-end=\"1111\"><span style=\"font-family: book antiqua, palatino, serif; font-size: 20px;\"><strong>A.A.Radzig<\/strong> y <strong>B.M.Smirnov<\/strong>, <strong><em>\u00ab<\/em><em data-start=\"1025\" data-end=\"1064\">Par\u00e1metros de \u00e1tomos y iones at\u00f3micos\u00bb<\/em><\/strong>, <em>Mosc\u00fa: Energoatomizdat, 1986 ((37), p.345).<\/em><\/span><\/p>\n<\/li>\n<li style=\"text-align: justify;\" data-start=\"1113\" data-end=\"1248\">\n<p data-start=\"1116\" data-end=\"1248\"><span style=\"font-family: book antiqua, palatino, serif; font-size: 20px;\"><strong>V.A.Kravtsov, <em>\u00ab<\/em><em data-start=\"1132\" data-end=\"1189\">Masas de los \u00e1tomos y energ\u00edas de enlace de los n\u00facleos\u00bb<\/em><\/strong> <em>(2\u00aa ed. revisada), Mosc\u00fa: Atomizdat, 1974 ((38), p.343).<\/em><\/span><\/p>\n<\/li>\n<li data-start=\"1250\" data-end=\"1360\">\n<p style=\"text-align: justify;\" data-start=\"1253\" data-end=\"1360\"><span style=\"font-family: book antiqua, palatino, serif; font-size: 20px;\"><strong>M.G.Vesi\u00f3lov<\/strong>, <strong><em>\u00ab<\/em><em data-start=\"1276\" data-end=\"1332\">Teor\u00eda del \u00e1tomo. Estructura de las capas electr\u00f3nicas\u00bb<\/em><\/strong>, <em>Mosc\u00fa: Nauka, 1986 (39)<\/em>.<\/span><\/p>\n<\/li>\n<\/ol>\n<p><a href=\"https:\/\/electromagnetic-universe-by-rozanov.space\/U_E_de_R\/?page_id=25\" target=\"_blank\" rel=\"noopener\"><span style=\"font-family: book antiqua, palatino, serif; font-size: 24px;\"><strong>El siguiente capitulo<span style=\"font-size: 16px;\"> &gt;&gt;&gt;&gt;&gt;<\/span><\/strong><\/span><\/a><\/p>\n<hr data-start=\"1362\" data-end=\"1365\" \/>\n<ul>\n<li style=\"text-align: justify;\"><span style=\"font-family: book antiqua, palatino, serif; font-size: 20px; color: #ff0000;\"><em>Dejar el comentario \u2013 no hace falta registro.<\/em><\/span><\/li>\n<li style=\"text-align: justify;\"><span style=\"font-family: book antiqua, palatino, serif; font-size: 20px; color: #ff0000;\"><em>Para <span class=\"st\">insertar<\/span> la ecuaci\u00f3n en los comentarios\u2013 utilizar el sistema \u00ab<a style=\"color: #ff0000;\" href=\"https:\/\/www.codecogs.com\/latex\/eqneditor.php\" target=\"_blank\" rel=\"noopener\">LATEX<\/a>\u00ab. La f\u00f3rmula se abre con la palabra \u2013 katex [entre] y se cierra \u2013 katex [\/entre].\u00a0<\/em><\/span><\/li>\n<li style=\"text-align: justify;\"><span style=\"font-family: book antiqua, palatino, serif; font-size: 20px; color: #ff0000;\"><em>Comentarios con enlaces \u2013 entraran en el correo no deseado, para verificar el contenido.<\/em><\/span><\/li>\n<\/ul>\n","protected":false},"excerpt":{"rendered":"<p>Numero de visitas &#8211; 8942 453 &#8211; Visitantes\u00a0 \u00a0 \u00a9 2006 El Autor \u2013 Roz\u00e1nov Nicol\u00e1i Nicol\u00e1evich\u00a0 Las traducciones de los t\u00edtulos, de los art\u00edculos, de los libros, de las citaciones y declaraciones de los\u00a0cient\u00edficos &#8211; posiblemente\u00a0\u00a0no coinciden letra a letra\u00a0con las traducciones oficiales, si tal existieran. \u00abCon un instrumento\u2026 <a class=\"continue-reading-link\" href=\"https:\/\/electromagnetic-universe-by-rozanov.space\/U_E_de_R\/?page_id=19\">Continuar<\/a><\/p>\n","protected":false},"author":1,"featured_media":0,"parent":0,"menu_order":7,"comment_status":"open","ping_status":"open","template":"","meta":{"iawp_total_views":3,"footnotes":""},"class_list":["post-19","page","type-page","status-publish","hentry"],"_links":{"self":[{"href":"https:\/\/electromagnetic-universe-by-rozanov.space\/U_E_de_R\/index.php?rest_route=\/wp\/v2\/pages\/19","targetHints":{"allow":["GET"]}}],"collection":[{"href":"https:\/\/electromagnetic-universe-by-rozanov.space\/U_E_de_R\/index.php?rest_route=\/wp\/v2\/pages"}],"about":[{"href":"https:\/\/electromagnetic-universe-by-rozanov.space\/U_E_de_R\/index.php?rest_route=\/wp\/v2\/types\/page"}],"author":[{"embeddable":true,"href":"https:\/\/electromagnetic-universe-by-rozanov.space\/U_E_de_R\/index.php?rest_route=\/wp\/v2\/users\/1"}],"replies":[{"embeddable":true,"href":"https:\/\/electromagnetic-universe-by-rozanov.space\/U_E_de_R\/index.php?rest_route=%2Fwp%2Fv2%2Fcomments&post=19"}],"version-history":[{"count":3,"href":"https:\/\/electromagnetic-universe-by-rozanov.space\/U_E_de_R\/index.php?rest_route=\/wp\/v2\/pages\/19\/revisions"}],"predecessor-version":[{"id":5110,"href":"https:\/\/electromagnetic-universe-by-rozanov.space\/U_E_de_R\/index.php?rest_route=\/wp\/v2\/pages\/19\/revisions\/5110"}],"wp:attachment":[{"href":"https:\/\/electromagnetic-universe-by-rozanov.space\/U_E_de_R\/index.php?rest_route=%2Fwp%2Fv2%2Fmedia&parent=19"}],"curies":[{"name":"wp","href":"https:\/\/api.w.org\/{rel}","templated":true}]}}