{"id":3503,"date":"2012-11-17T18:08:12","date_gmt":"2012-11-17T17:08:12","guid":{"rendered":"http:\/\/electromagnetic-universe-by-nnrozanov.org\/wp\/?page_id=3503"},"modified":"2025-09-27T12:38:36","modified_gmt":"2025-09-27T11:38:36","slug":"2-%d0%bf%d1%80%d0%b5%d0%b4%d0%b5%d0%bb-%d0%bf%d1%80%d0%b8%d1%80%d0%be%d1%81%d1%82%d0%b0-%d0%b8%d0%bd%d0%b5%d1%80%d1%86%d0%b8%d0%be%d0%bd%d0%bd%d0%be%d0%b9-%d0%bc%d0%b0%d1%81%d1%81%d1%8b-%d0%b8","status":"publish","type":"page","link":"https:\/\/electromagnetic-universe-by-rozanov.space\/U_E_de_R\/?page_id=3503","title":{"rendered":"L\u00edmite de incremento de la masa relativista y la energ\u00eda cin\u00e9tica para protones &#8211; electrones, antiprotones &#8211; positrones"},"content":{"rendered":"Numero de visitas - 9220<br\/><div class='epvc-post-count'><span class='epvc-eye'><\/span>  <span class=\"epvc-count\"> 497<\/span><span class='epvc-label'> - Visitantes<\/span><\/div><h3 style=\"text-align: right;\">\u00a0<a href=\"https:\/\/electromagnetic-universe-by-rozanov.space\/E_V_R\/?page_id=3503\" target=\"_blank\" rel=\"noopener\"><img loading=\"lazy\" decoding=\"async\" class=\"alignnone size-full wp-image-4638\" src=\"https:\/\/electromagnetic-universe-by-rozanov.space\/U_E_de_R\/wp-content\/uploads\/flag-rus-100-50.jpg\" alt=\"\" width=\"100\" height=\"50\" \/> \u00a0<\/a><img loading=\"lazy\" decoding=\"async\" class=\"alignnone size-full wp-image-4637\" src=\"https:\/\/electromagnetic-universe-by-rozanov.space\/U_E_de_R\/wp-content\/uploads\/flag-eng-100-50.jpg\" alt=\"\" width=\"100\" height=\"50\" \/><\/h3>\n<p><img loading=\"lazy\" decoding=\"async\" class=\"aligncenter\" title=\"copyright_1.gif\" src=\"https:\/\/copyright.ru\/images\/TMCIMG\/copyright_1.gif\" alt=\"copyright_1.gif\" width=\"88\" height=\"31\" \/><\/p>\n<p style=\"text-align: right;\"><span style=\"font-family: book antiqua, palatino, serif; font-size: 24px;\"><strong>\u00a9 2012<\/strong><\/span><\/p>\n<p><span style=\"font-family: book antiqua, palatino, serif; font-size: 24px;\"><strong><em>El Autor \u2013 <\/em><\/strong><a href=\"https:\/\/electromagnetic-universe-by-rozanov.space\/U_E_de_R\/?page_id=3\" target=\"_blank\" rel=\"noopener\"><em><strong>Roz\u00e1nov Oleg Nicol\u00e1evich<\/strong><\/em><\/a><em><strong>\u00a0<\/strong><\/em><\/span><\/p>\n<p style=\"text-align: justify;\"><span style=\"font-family: book antiqua, palatino, serif; font-size: 20px; color: #ff0000;\"><em>Las traducciones de los t\u00edtulos, de los art\u00edculos, de los libros, de las citaciones y declaraciones de los\u00a0cient\u00edficos &#8211; posiblemente\u00a0\u00a0no coinciden letra a letra\u00a0con las traducciones oficiales, si tal existieran.<\/em><\/span><\/p>\n<blockquote>\n<p style=\"text-align: justify; padding-left: 40px;\"><span style=\"font-size: 20px;\"><em><strong><span style=\"font-family: book antiqua, palatino, serif;\">\u00bfC\u00f3mo se supone que la humanidad llegar\u00e1 a \u201csurcar las vastedades del Universo\u201d, desplaz\u00e1ndose en el espacio a velocidades pr\u00f3ximas a la de la luz, si la teor\u00eda f\u00edsica contempor\u00e1nea establece que, en tales reg\u00edmenes energ\u00e9ticos, el incremento relativista de la masa de un objeto tiende al infinito? Resulta leg\u00edtimo plantear a los te\u00f3ricos la siguiente cuesti\u00f3n: \u00bfqu\u00e9 suceder\u00eda con los ocupantes de una hipot\u00e9tica nave de tales caracter\u00edsticas si llegaran a situarse en su interior?<\/span><\/strong><\/em><\/span><\/p>\n<\/blockquote>\n<p style=\"text-align: justify;\"><span style=\"font-size: 24px;\"><em><strong><span style=\"font-family: book antiqua, palatino, serif;\">Reflexi\u00f3n sobre el incremento relativista de la masa y la imposibilidad de alcanzar velocidades cercanas a<\/span><\/strong><span style=\"font-family: book antiqua, palatino, serif; font-size: 32px;\"> (<\/span><span style=\"font-family: book antiqua, palatino, serif;\"><strong><span style=\"font-size: 32px;\">c<\/span><\/strong><span style=\"font-size: 32px;\">)<\/span>.<\/span><\/em><\/span><\/p>\n<p style=\"text-align: justify;\"><span style=\"font-family: book antiqua, palatino, serif; font-size: 20px;\"> Es conocido el c\u00e9lebre comentario de <strong>A.Einstein<\/strong>, al responder a la pregunta sobre el origen de los descubrimientos geniales: \u00abes muy simple\u00bb. En el presente articulo no se pretende formular un descubrimiento de esa magnitud, pero s\u00ed proponer una correcci\u00f3n significativa a una de las conclusiones consideradas fundamentales en la f\u00edsica moderna.\u00a0<\/span><\/p>\n<p style=\"text-align: justify;\"><span style=\"font-family: book antiqua, palatino, serif; font-size: 20px;\">A continuaci\u00f3n, abordemos la relaci\u00f3n de equivalencia entre masa y energ\u00eda contenida en un cuerpo f\u00edsico:<\/span><\/p>\n<p align=\"center\"><em><strong><span style=\"font-family: book antiqua, palatino, serif; font-size: 28px;\">E <span style=\"font-size: 36px;\">\/<\/span>m(m&#8217;) =\u00a0<span style=\"font-size: 36px;\">c<\/span><sup>2<\/sup><\/span><\/strong><\/em><\/p>\n<p style=\"text-align: left;\" align=\"center\"><span style=\"font-family: book antiqua, palatino, serif; font-size: 20px;\"><em>(la equivalencia (c\u00b2) es v\u00e1lida tanto para cuerpos en reposo como en movimiento (m\u21d4m\u2019))<\/em><\/span><\/p>\n<p style=\"text-align: left;\" align=\"center\"><span style=\"font-size: 20px; font-family: book antiqua, palatino, serif;\">donde:<\/span><\/p>\n<p align=\"center\"><em><span style=\"font-size: 28px;\"><strong><span style=\"font-family: book antiqua, palatino, serif;\">m&#8217;= m<\/span><\/strong><span style=\"font-family: book antiqua, palatino, serif;\"><sub>(0)<\/sub><\/span><strong><span style=\"font-family: book antiqua, palatino, serif;\"> + \u0394m<\/span><\/strong><\/span><\/em><\/p>\n<p style=\"text-align: left;\" align=\"center\"><span style=\"font-family: book antiqua, palatino, serif; font-size: 20px;\">es decir, establezcamos el l\u00edmite<em><span style=\"font-size: 24px;\"><strong><span style=\"font-size: 28px;\"> \u0394m<\/span>\u00a0<\/strong><\/span><\/em> para las part\u00edculas elementales electr\u00f3n &#8211; positr\u00f3n, prot\u00f3n &#8211; antiprot\u00f3n.<\/span><\/p>\n<p style=\"text-align: left;\" align=\"center\"><span style=\"font-family: book antiqua, palatino, serif; font-size: 20px;\">Bajo la condici\u00f3n <span style=\"font-size: 24px;\"><em><strong>\u0421<sup>2<\/sup><\/strong> = <strong>V <sup>2 <\/sup><\/strong><\/em><span style=\"font-size: 28px;\">:<\/span><\/span><\/span><\/p>\n<p align=\"center\"><span style=\"font-family: book antiqua, palatino, serif; font-size: 28px;\"><em><strong>T <\/strong><\/em><strong>=\u00a0<\/strong><em><span style=\"font-size: 36px;\"><strong>m&#8217;<\/strong><\/span> \u00d7 <strong>V<sup>2 <\/sup><\/strong><span style=\"font-size: 36px;\"><strong>\/ <\/strong><\/span><strong>2,<\/strong><\/em><\/span><\/p>\n<p style=\"text-align: left;\" align=\"center\"><span style=\"font-family: book antiqua, palatino, serif; font-size: 20px;\">correspondientemente:<\/span><\/p>\n<p align=\"center\"><span style=\"font-size: 28px;\"><em><strong><span style=\"font-family: book antiqua, palatino, serif;\">V<\/span><sup><span style=\"font-family: book antiqua, palatino, serif;\">2\u00a0<\/span><\/sup><span style=\"font-family: book antiqua, palatino, serif;\">= 2T <span style=\"font-size: 36px;\">\/ m&#8217;,<\/span><\/span><\/strong><\/em><\/span><\/p>\n<p style=\"text-align: justify;\" align=\"center\"><span style=\"font-family: book antiqua, palatino, serif; font-size: 20px;\">mediante c\u00e1lculos comprobaremos la veracidad de la afirmaci\u00f3n de que el incremento relativista de la masa <em><strong><span style=\"font-size: 24px;\">(m&#8217;)<\/span><\/strong><\/em> <span class=\"katex-eq\" data-katex-display=\"false\">\\left (\\overset{\\pm}{p}\\right )<\/span><span class=\"katex-eq\" data-katex-display=\"false\">\\left (\\overset{\\mp}{e}\\right )<\/span>, corresponde a: <\/span><\/p>\n<p style=\"text-align: center;\" align=\"center\"><em><span style=\"font-size: 32px;\"><strong><span style=\"font-family: book antiqua, palatino, serif;\">m\u2019<\/span><\/strong><\/span><span style=\"font-family: book antiqua, palatino, serif; font-size: 28px;\"><sub>(m\u00e1x)<\/sub><\/span><strong><span style=\"font-family: book antiqua, palatino, serif; font-size: 28px;\"> = 2<span style=\"font-size: 32px;\">m<\/span><\/span><\/strong><span style=\"font-family: book antiqua, palatino, serif; font-size: 28px;\"><sub>(0)<\/sub><\/span><strong><span style=\"font-family: book antiqua, palatino, serif; font-size: 28px;\">, <\/span><\/strong><\/em><\/p>\n<p style=\"text-align: justify;\" align=\"center\"><span style=\"font-family: book antiqua, palatino, serif; font-size: 20px;\">a la velocidad m\u00e1xima cercana a <em><span style=\"font-size: 28px;\">(<\/span><strong><span style=\"font-size: 28px;\">C<\/span><\/strong><span style=\"font-size: 28px;\">)<\/span><\/em> <em>(velocidad de la luz)<\/em>.<\/span><\/p>\n<p style=\"text-align: justify; line-height: normal; font-style: normal; font-family: Times New Roman, Times, serif; letter-spacing: normal; font-size: 24px;\"><strong><span style=\"font-family: book antiqua, palatino, serif; font-size: 24px;\">Prot\u00f3n\u2013antiprot\u00f3n.<\/span><\/strong><\/p>\n<p style=\"text-align: justify; line-height: normal; font-style: normal; font-family: Times New Roman, Times, serif; letter-spacing: normal; font-size: 18px;\"><span style=\"color: #000000; font-family: book antiqua, palatino, serif; font-size: 20px;\">Masa en reposo:<\/span><\/p>\n<p style=\"text-align: center; line-height: normal; font-style: normal; font-family: Courier New, Courier, mono; letter-spacing: normal; font-size: 24px;\"><span style=\"color: #000000; font-family: book antiqua, palatino, serif; font-size: 28px;\"><strong>1,6726485 \u00d7 10<sup>-27<\/sup><\/strong><em><sub>(kg)<\/sub>,<\/em><\/span><\/p>\n<p style=\"text-align: justify; line-height: normal; font-style: normal; font-family: Times New Roman, Times, serif; letter-spacing: normal; font-size: 18px;\"><span style=\"font-size: 20px;\"><span style=\"color: #000000;\"><span style=\"font-family: book antiqua, palatino, serif;\">masa <em>(m&#8217;)<\/em> m\u00e1xima:<\/span> <\/span><\/span><\/p>\n<p style=\"line-height: normal; font-style: normal; font-family: Courier New, Courier, mono; letter-spacing: normal; color: #000000; font-size: 24px;\" align=\"center\"><span style=\"color: #000000; font-family: book antiqua, palatino, serif; font-size: 28px;\"><strong>2 \u00d7 1,6726485 \u00d7 10<sup>-27<\/sup><\/strong><em><sub>(kg<\/sub><\/em><em><sub>)<\/sub><\/em><strong> = <\/strong><strong>3,345297 <\/strong><strong>\u00d7 10<sup>-27<\/sup><\/strong><em><sub>(kg<\/sub><\/em><em><sub>)<\/sub>.<\/em><\/span><\/p>\n<p style=\"line-height: normal; font-style: normal; font-family: Times New Roman, Times, serif; letter-spacing: normal; font-size: 18px;\"><span style=\"font-family: book antiqua, palatino, serif; font-size: 20px;\">Comprobemos:<\/span><\/p>\n<p><span style=\"font-family: book antiqua, palatino, serif; font-size: 20px;\">Energ\u00eda cin\u00e9tica correspondiente:<\/span><\/p>\n<p style=\"line-height: normal; font-style: normal; font-family: Courier New, Courier, mono; letter-spacing: normal; color: #000000; font-size: 24px;\" align=\"center\"><span style=\"font-family: book antiqua, palatino, serif; font-size: 28px;\"><em><strong>T <\/strong><\/em><strong>= <em>(<\/em><\/strong><em><strong>m&#8217;<\/strong><strong><em><sub>(<\/sub><\/em><\/strong><strong><em><sub>max<\/sub><\/em><\/strong><strong><em><sub>) <\/sub><\/em><\/strong>&#8211; <strong>m<\/strong><sub>(<\/sub><sub>0)<\/sub>) <strong>\u00d7 <\/strong><\/em><strong>C<sup>2<\/sup><\/strong><\/span><\/p>\n<p style=\"line-height: normal; font-style: normal; font-family: Courier New, Courier, mono; letter-spacing: normal; color: #000000; font-size: 24px;\" align=\"center\"><span style=\"font-family: book antiqua, palatino, serif; font-size: 28px;\"><span style=\"color: #000000;\"><strong>1,6726485\u00b710<sup>-27<\/sup><\/strong><em><sub>(kg<\/sub><\/em><em><sub>) <\/sub><\/em><strong>\u00d7 <\/strong><\/span><strong>8,987552 \u00d7 10<sup>16<\/sup><\/strong><em><sub>(m<sup>2<\/sup>\/s<sup>2<\/sup>)<\/sub><\/em><\/span><\/p>\n<p style=\"line-height: normal; font-style: normal; font-family: Courier New, Courier, mono; letter-spacing: normal; color: #000000; font-size: 24px;\" align=\"center\"><span style=\"font-size: 28px;\"><strong><span style=\"font-family: book antiqua, palatino, serif;\">= <\/span><span style=\"font-family: book antiqua, palatino, serif;\">15,033015371472 \u00d7 10<\/span><span style=\"font-family: book antiqua, palatino, serif;\"><sup>-11<\/sup><\/span><\/strong><em><span style=\"font-family: book antiqua, palatino, serif;\"><sub>(j)<\/sub><\/span><\/em><strong><em><span style=\"font-family: book antiqua, palatino, serif;\">.<\/span><\/em><\/strong><\/span><\/p>\n<p style=\"line-height: normal; font-style: normal; font-family: Times New Roman, Times, serif; letter-spacing: normal; font-size: 18px;\"><span style=\"font-family: book antiqua, palatino, serif; font-size: 20px;\">Expresado en electronvoltios:<\/span><\/p>\n<p style=\"line-height: normal; font-style: normal; font-family: Courier New, Courier, mono; letter-spacing: normal; font-size: 24px;\" align=\"center\"><span style=\"font-family: book antiqua, palatino, serif; font-size: 28px;\"><strong>15,033015371472 \u00d7 10<sup>-11<\/sup><\/strong><em><sub>(j)<\/sub><\/em><span style=\"font-size: 36px;\"><strong> \/ <\/strong><\/span><strong>1,6021892 \u00d7 10<\/strong><sup>-19<\/sup><em><sub>(j)<\/sub><\/em><\/span><\/p>\n<p style=\"line-height: normal; font-style: normal; font-family: Courier New, Courier, mono; letter-spacing: normal; font-size: 24px;\" align=\"center\"><span style=\"font-family: book antiqua, palatino, serif; font-size: 28px;\"><strong>= <\/strong><strong>9,382796595 \u00d7 10<\/strong><strong><sup>8<\/sup><\/strong><em><sub>(eV)<\/sub>.<\/em><\/span><\/p>\n<p style=\"text-align: left;\" align=\"center\"><span style=\"font-family: book antiqua, palatino, serif; font-size: 20px;\">Verificaci\u00f3n mediante la relaci\u00f3n velocidad\u2013energ\u00eda:<\/span><\/p>\n<p style=\"line-height: normal; font-style: normal; font-family: Courier New, Courier, mono; letter-spacing: normal; font-size: 24px;\" align=\"center\"><span style=\"font-family: book antiqua, palatino, serif; font-size: 28px;\"><em><strong>V<sup>2<\/sup><\/strong><\/em> <strong>=<\/strong> <strong>2 \u00d7 T <\/strong><strong><span style=\"font-size: 36px;\">\/<\/span> m&#8217;<\/strong><em><sub>(<\/sub><sub>max<\/sub><sub>)<\/sub><\/em><\/span><\/p>\n<p style=\"line-height: normal; font-style: normal; font-family: Courier New, Courier, mono; letter-spacing: normal; font-size: 24px;\" align=\"center\"><span style=\"font-family: book antiqua, palatino, serif; font-size: 28px;\"><strong>2\u00d715,033015371472 \u00d7 10<sup>-11<\/sup><\/strong><sub><em>(j)<\/em><\/sub><strong>\/ <\/strong><strong>3,345297 \u00d7 <\/strong><strong><span style=\"color: #000000;\">10<sup>-27<\/sup><\/span><\/strong><span style=\"color: #000000;\"><em><sub>(kg)<\/sub><\/em><\/span><\/span><\/p>\n<p style=\"line-height: normal; font-style: normal; font-family: Courier New, Courier, mono; letter-spacing: normal; font-size: 24px;\" align=\"center\"><span style=\"font-family: book antiqua, palatino, serif; font-size: 28px;\"><strong>= <\/strong><span style=\"color: #ff0000;\"><strong>8,987552 \u00d7<\/strong><strong> 10<sup>16 <\/sup><\/strong><sub><strong>(<\/strong><strong>m<\/strong><sup><strong>2<\/strong><\/sup><strong>\/<\/strong><strong>s<\/strong><sup><strong>2<\/strong><\/sup><\/sub><\/span><strong><sub><span style=\"color: #ff0000;\">)<\/span><\/sub><\/strong><strong>!!!<\/strong><\/span><\/p>\n<p style=\"line-height: normal; font-style: normal; font-family: Times New Roman, Times, serif; letter-spacing: normal; font-size: 24px;\"><strong><em><span style=\"text-decoration: underline;\">C\u00e1lculo para el electr\u00f3n &#8211; positron.<\/span><\/em><\/strong><\/p>\n<p style=\"line-height: normal; font-style: normal; font-family: Times New Roman, Times, serif; letter-spacing: normal; font-size: 18px;\"><span style=\"color: #000000; font-family: book antiqua, palatino, serif; font-size: 20px;\">Masa en reposo:<\/span><\/p>\n<p style=\"text-align: center; line-height: normal; font-style: normal; font-family: Courier New, Courier, mono; letter-spacing: normal; font-size: 24px;\"><span style=\"color: #000000; font-family: book antiqua, palatino, serif; font-size: 28px;\"><strong>9,109534 <\/strong><strong>\u00d7 10<sup>-31<\/sup><\/strong><em><sub>(kg)<\/sub>,<\/em><\/span><\/p>\n<p style=\"line-height: normal; font-style: normal; font-family: Times New Roman, Times, serif; letter-spacing: normal; font-size: 18px;\"><span style=\"font-family: book antiqua, palatino, serif; font-size: 20px;\">masa <em>(m&#8217;)<\/em> m\u00e1xima: <\/span><\/p>\n<p style=\"line-height: normal; font-style: normal; font-family: Courier New, Courier, mono; letter-spacing: normal; font-size: 24px;\" align=\"center\"><span style=\"color: #000000; font-family: book antiqua, palatino, serif; font-size: 28px;\"><strong>2 \u00d7 <\/strong><strong>9,109534 <\/strong><strong>\u00d7 10<sup>-31<\/sup><\/strong><em><sub>(kg) <\/sub><\/em><strong>= 18,219068 <\/strong><strong>\u00d7 10<sup>-31<\/sup><\/strong><em><sub>(kg)<\/sub><\/em><\/span><\/p>\n<p style=\"line-height: normal; font-style: normal; font-family: Times New Roman, Times, serif; letter-spacing: normal; font-size: 18px;\"><span style=\"font-family: book antiqua, palatino, serif; font-size: 20px;\">Energ\u00eda cin\u00e9tica correspondiente:<\/span><\/p>\n<p style=\"line-height: normal; font-style: normal; font-family: Courier New, Courier, mono; letter-spacing: normal; font-size: 24px;\" align=\"center\"><span style=\"font-family: book antiqua, palatino, serif; font-size: 28px;\"><em><strong>T <\/strong><\/em><strong>= <em>(<\/em><\/strong><em><strong>m&#8217;<\/strong><strong><em><sub>(<\/sub><\/em><\/strong><strong><em><sub>max<\/sub><\/em><\/strong><strong><em><sub>)\u00a0 <\/sub><\/em><\/strong>&#8211; m<sub>0<\/sub>) \u00d7 <\/em><strong>C<sup>2<\/sup><\/strong><\/span><\/p>\n<p style=\"line-height: normal; font-style: normal; font-family: Courier New, Courier, mono; letter-spacing: normal; font-size: 24px;\" align=\"center\"><span style=\"font-family: book antiqua, palatino, serif; font-size: 28px;\"><span style=\"color: #000000;\"><strong>9,109534<\/strong><strong>\u00d7 10<sup>-31<\/sup><\/strong><em><sub>(kg) <\/sub><\/em><strong>\u00d7 <\/strong><\/span><strong>8,987552\u00d7 10<sup>16<\/sup><\/strong><em><sub>(m<sup>2<\/sup>\/s<sup>2<\/sup>)<\/sub><\/em><\/span><\/p>\n<p style=\"line-height: normal; font-style: normal; font-family: Courier New, Courier, mono; letter-spacing: normal; font-size: 24px;\" align=\"center\"><span style=\"font-family: book antiqua, palatino, serif; font-size: 28px;\"><strong>= 81,872410520768 \u00d7 10<sup>-1<\/sup><\/strong><strong><sup>5<\/sup><\/strong><em><sub>(j<\/sub><\/em><em><sub>)<\/sub><\/em><strong><em>.<\/em><\/strong><\/span><\/p>\n<p style=\"line-height: normal; font-style: normal; font-family: Times New Roman, Times, serif; letter-spacing: normal; font-size: 18px;\"><span style=\"font-family: book antiqua, palatino, serif; font-size: 20px;\">Expresado en electronvoltios:<\/span><\/p>\n<p style=\"line-height: normal; font-style: normal; font-family: Courier New, Courier, mono; font-size: 24px;\" align=\"center\"><span style=\"font-family: book antiqua, palatino, serif; font-size: 28px;\"><strong>81,872410520768 \u00d7 10<sup>-15<\/sup><\/strong><em><sub>(j) <\/sub><\/em><span style=\"font-size: 36px;\"><strong>\/ <\/strong><\/span><strong>1,6021892 <\/strong><em><strong>\u00d7 10<sup>-19<\/sup><\/strong><sub>(j)<\/sub><\/em><\/span><\/p>\n<p style=\"line-height: normal; font-style: normal; font-family: Courier New, Courier, mono; font-size: 24px;\" align=\"center\"><span style=\"font-family: book antiqua, palatino, serif; font-size: 28px;\"><em><strong>= <\/strong><\/em><strong>5,1100338 \u00d7 10<sup>5<\/sup><\/strong><em><sub>(eV)<\/sub>.<\/em><\/span><\/p>\n<p><span style=\"font-family: book antiqua, palatino, serif; font-size: 20px;\">Verificaci\u00f3n mediante la relaci\u00f3n velocidad\u2013energ\u00eda:<\/span><\/p>\n<p style=\"line-height: normal; font-style: normal; font-family: Courier New, Courier, mono; letter-spacing: normal; font-size: 24px;\" align=\"center\"><span style=\"font-family: book antiqua, palatino, serif; font-size: 32px;\"><strong><em>V<sup>2<\/sup><\/em> =<\/strong> <strong><em>2<\/em><\/strong><strong><em>T <\/em><\/strong><span style=\"font-size: 36px;\"><strong>\/ <\/strong><\/span><em><strong>m<\/strong><\/em><strong><em>&#8216;<\/em><\/strong><em><sub>(<\/sub><\/em><em><sub>max<\/sub><\/em><em><sub>)<\/sub><\/em><\/span><\/p>\n<p style=\"line-height: normal; font-style: normal; font-family: Courier New, Courier, mono; letter-spacing: normal; font-size: 24px;\" align=\"center\"><span style=\"font-family: book antiqua, palatino, serif; font-size: 28px;\"><strong>2 \u00d7 81,872410520768 \u00d7 10<sup>-15<\/sup><\/strong><em><sub>(j) <\/sub><\/em><strong>\/ <\/strong><strong>18,219068 \u00d7 <\/strong><strong><span style=\"color: #000000;\">10<\/span><span style=\"color: #000000;\"><sup>-31<\/sup><\/span><\/strong><sub><em><span style=\"color: #000000;\">(kg)<\/span><\/em><\/sub><\/span><\/p>\n<p style=\"line-height: normal; font-style: normal; font-family: Courier New, Courier, mono; letter-spacing: normal; font-size: 24px;\" align=\"center\"><span style=\"font-family: book antiqua, palatino, serif; font-size: 28px;\"><strong>= <\/strong><span style=\"color: #ff0000;\"><strong><em>8,987552<\/em><\/strong><strong><em>\u00b7 10<sup>16<\/sup><\/em><\/strong><\/span><sub><em>(<\/em><em>m<\/em><sup><em>2<\/em><\/sup><em>\/<\/em><em>s<\/em><sup><em>2<\/em><\/sup><em>)<\/em><\/sub><strong><em>!!!<\/em><\/strong><\/span><\/p>\n<p style=\"text-align: justify;\"><span style=\"font-family: book antiqua, palatino, serif; font-size: 20px;\">Como puede verse en los c\u00e1lculos, el incremento de la masa de las part\u00edculas elementales <span class=\"katex-eq\" data-katex-display=\"false\">\\left( \\left (\\overset{\\pm}{p}\\right)\\left (\\overset{\\mp}{e}\\right) \\right)<\/span> puede aumentar como m\u00e1ximo al doble, a velocidades cercanas a <em><strong><span style=\"font-size: 28px;\">(c)<\/span><\/strong><\/em>. El incremento de la masa inercial de los objetos\u00a0 sustanciales y antisustanciales compuestos por <span class=\"katex-eq\" data-katex-display=\"false\">\\left (\\overset{\\pm}{p}\\right)<\/span> y <span class=\"katex-eq\" data-katex-display=\"false\">\\left (\\overset{\\mp}{e}\\right)<\/span>, no puede duplicarse, y no ser\u00e1 posible acelerarlos hasta la velocidad de la luz, puesto que en los enlaces at\u00f3micos ya se encuentra incorporada la suma de las masas del incremento relativista de las part\u00edculas elementales. Es decir, no ser\u00e1 posible surcar las vastedades del Universo a velocidades cercanas a la de la luz. \ud83d\ude25<\/span><\/p>\n<hr \/>\n<ul>\n<li style=\"text-align: justify;\"><span style=\"font-family: book antiqua, palatino, serif; font-size: 20px; color: #ff0000;\"><em>Dejar el comentario \u2013 no hace falta registro.<\/em><\/span><\/li>\n<li style=\"text-align: justify;\"><span style=\"font-family: book antiqua, palatino, serif; font-size: 20px; color: #ff0000;\"><em>Para <span class=\"st\">insertar<\/span> la ecuaci\u00f3n en los comentarios\u2013 utilizar el sistema \u00ab<a style=\"color: #ff0000;\" href=\"https:\/\/www.codecogs.com\/latex\/eqneditor.php\" target=\"_blank\" rel=\"noopener\">LATEX<\/a>\u00ab. La f\u00f3rmula se abre con la palabra \u2013 katex [entre] y se cierra \u2013 katex [\/entre].<\/em><\/span><\/li>\n<li style=\"text-align: justify;\"><span style=\"font-family: book antiqua, palatino, serif; font-size: 20px; color: #ff0000;\"><em>Comentarios con enlaces \u2013 entraran en el correo no deseado, para verificar el contenido.<\/em><\/span><\/li>\n<\/ul>\n","protected":false},"excerpt":{"rendered":"<p>Numero de visitas &#8211; 9220 497 &#8211; Visitantes\u00a0 \u00a0 \u00a9 2012 El Autor \u2013 Roz\u00e1nov Oleg Nicol\u00e1evich\u00a0 Las traducciones de los t\u00edtulos, de los art\u00edculos, de los libros, de las citaciones y declaraciones de los\u00a0cient\u00edficos &#8211; posiblemente\u00a0\u00a0no coinciden letra a letra\u00a0con las traducciones oficiales, si tal existieran. \u00bfC\u00f3mo se supone\u2026 <a class=\"continue-reading-link\" href=\"https:\/\/electromagnetic-universe-by-rozanov.space\/U_E_de_R\/?page_id=3503\">Continuar<\/a><\/p>\n","protected":false},"author":1,"featured_media":0,"parent":138,"menu_order":5,"comment_status":"open","ping_status":"open","template":"","meta":{"iawp_total_views":4,"footnotes":""},"class_list":["post-3503","page","type-page","status-publish","hentry"],"_links":{"self":[{"href":"https:\/\/electromagnetic-universe-by-rozanov.space\/U_E_de_R\/index.php?rest_route=\/wp\/v2\/pages\/3503","targetHints":{"allow":["GET"]}}],"collection":[{"href":"https:\/\/electromagnetic-universe-by-rozanov.space\/U_E_de_R\/index.php?rest_route=\/wp\/v2\/pages"}],"about":[{"href":"https:\/\/electromagnetic-universe-by-rozanov.space\/U_E_de_R\/index.php?rest_route=\/wp\/v2\/types\/page"}],"author":[{"embeddable":true,"href":"https:\/\/electromagnetic-universe-by-rozanov.space\/U_E_de_R\/index.php?rest_route=\/wp\/v2\/users\/1"}],"replies":[{"embeddable":true,"href":"https:\/\/electromagnetic-universe-by-rozanov.space\/U_E_de_R\/index.php?rest_route=%2Fwp%2Fv2%2Fcomments&post=3503"}],"version-history":[{"count":12,"href":"https:\/\/electromagnetic-universe-by-rozanov.space\/U_E_de_R\/index.php?rest_route=\/wp\/v2\/pages\/3503\/revisions"}],"predecessor-version":[{"id":5158,"href":"https:\/\/electromagnetic-universe-by-rozanov.space\/U_E_de_R\/index.php?rest_route=\/wp\/v2\/pages\/3503\/revisions\/5158"}],"up":[{"embeddable":true,"href":"https:\/\/electromagnetic-universe-by-rozanov.space\/U_E_de_R\/index.php?rest_route=\/wp\/v2\/pages\/138"}],"wp:attachment":[{"href":"https:\/\/electromagnetic-universe-by-rozanov.space\/U_E_de_R\/index.php?rest_route=%2Fwp%2Fv2%2Fmedia&parent=3503"}],"curies":[{"name":"wp","href":"https:\/\/api.w.org\/{rel}","templated":true}]}}