{"id":3854,"date":"2013-06-13T13:45:50","date_gmt":"2013-06-13T12:45:50","guid":{"rendered":"http:\/\/electromagnetic-universe-by-nnrozanov.org\/wp\/?page_id=3854"},"modified":"2025-10-05T11:50:22","modified_gmt":"2025-10-05T10:50:22","slug":"%d1%81%d0%b2%d0%be%d0%b9%d1%81%d1%82%d0%b2%d0%be-%d0%b8%d0%bd%d0%b5%d1%80%d1%86%d0%b8%d0%b8-%d1%8f%d0%b4%d0%b5%d1%80%d0%bd%d0%be%d0%b5-%d0%be%d1%80%d1%83%d0%b6%d0%b8%d0%b5-%d1%82%d1%83%d0%bd%d0%b3","status":"publish","type":"page","link":"https:\/\/electromagnetic-universe-by-rozanov.space\/U_E_de_R\/?page_id=3854","title":{"rendered":"La propiedad de inercia, los meteoritos de Tunguska y Cheli\u00e1binsk,  las armas nucleares"},"content":{"rendered":"Numero de visitas - 194220<br\/><div class='epvc-post-count'><span class='epvc-eye'><\/span>  <span class=\"epvc-count\"> 451<\/span><span class='epvc-label'> - Visitantes<\/span><\/div><p style=\"text-align: right;\"><a href=\"https:\/\/electromagnetic-universe-by-rozanov.space\/E_V_R\/?page_id=3854\" target=\"_blank\" rel=\"noopener\"><img loading=\"lazy\" decoding=\"async\" class=\"alignnone size-full wp-image-4638\" src=\"https:\/\/electromagnetic-universe-by-rozanov.space\/U_E_de_R\/wp-content\/uploads\/flag-rus-100-50.jpg\" alt=\"\" width=\"100\" height=\"50\" \/><\/a><span style=\"font-size: 20px; font-family: book antiqua, palatino, serif;\">\u00a0 <\/span><img loading=\"lazy\" decoding=\"async\" class=\"alignnone size-full wp-image-4637\" src=\"https:\/\/electromagnetic-universe-by-rozanov.space\/U_E_de_R\/wp-content\/uploads\/flag-eng-100-50.jpg\" alt=\"\" width=\"100\" height=\"50\" \/><\/p>\n<p><img loading=\"lazy\" decoding=\"async\" class=\"aligncenter\" title=\"copyright_1.gif\" src=\"http:\/\/copyright.ru\/images\/TMCIMG\/copyright_1.gif\" alt=\"copyright_1.gif\" width=\"88\" height=\"31\" \/><\/p>\n<p style=\"text-align: right;\"><em><span style=\"font-family: book antiqua, palatino, serif; font-size: 24px;\"><strong>\u00a9 13.06.2013<\/strong><\/span><\/em><\/p>\n<p><span style=\"font-family: book antiqua, palatino, serif; font-size: 24px;\"><strong><em>El Autor \u2013 <\/em><\/strong><a href=\"https:\/\/electromagnetic-universe-by-rozanov.space\/U_E_de_R\/?page_id=3\" target=\"_blank\" rel=\"noopener\"><em><strong>Roz\u00e1nov Oleg Nicol\u00e1evich<\/strong><\/em><\/a><em><strong>\u00a0<\/strong><\/em><\/span><\/p>\n<blockquote>\n<p style=\"text-align: justify; padding-left: 80px;\"><strong><em><span style=\"font-family: book antiqua, palatino, serif; font-size: 20px;\">\u00abLa <a href=\"https:\/\/electromagnetic-universe-by-rozanov.space\/U_E_de_R\/?page_id=3601\" target=\"_blank\" rel=\"noopener\">fuerza de inercia innata<\/a>\u00bb es la reacci\u00f3n mec\u00e1nica del par (diada &#8211; antidiada) <span class=\"katex-eq\" data-katex-display=\"false\">\\left({\\overset{+}{p}}+{{\\overset{-}{e}}}\\right)<\/span> &#8211; <span class=\"katex-eq\" data-katex-display=\"false\">\\left({\\overset{+}{e}}+{{\\overset{-}{p}}}\\right)<\/span>, unido por la interacci\u00f3n de Coulomb, o de un objeto f\u00edsico compuesto por estos dobletes, a una fuerza externa aplicada.<\/span><\/em><\/strong><\/p>\n<\/blockquote>\n<p style=\"text-align: justify;\"><span style=\"font-family: book antiqua, palatino, serif; font-size: 20px;\">En el primer art\u00edculo sobre la propiedad de la inercia (\u00abLa inercia de un objeto sustancial o antisustancial y armas nucleares\u00bb), se describe el mecanismo de la \u00abfuerza interna\u00bb o por qu\u00e9 surge la resistencia a la acci\u00f3n de una fuerza externa en cualquier objeto f\u00edsico. Teniendo en cuenta las afirmaciones de <strong>E. Rutherford<\/strong> en 1921 y <strong>J. Chadwick<\/strong> en 1932 de que el neutr\u00f3n es un prot\u00f3n y un electr\u00f3n estrechamente ligados, as\u00ed como la afirmaci\u00f3n del ingeniero <strong>N.N. Rozanov<\/strong> de que todos los nucleidos consisten en diadas, es l\u00f3gico suponer que la inercia es una reacci\u00f3n mec\u00e1nica a la acci\u00f3n de una fuerza externa sobre un par \u2014electr\u00f3n-prot\u00f3n o positr\u00f3n-antiprot\u00f3n\u2014 unidos por la interacci\u00f3n de Coulomb, donde la masa del prot\u00f3n-antiprot\u00f3n supera en tres \u00f3rdenes de magnitud <em>(en ~2000 veces)<\/em> la masa del electr\u00f3n-positr\u00f3n, y bas\u00e1ndome en esta suposici\u00f3n fundamentar\u00e9 las causas de algunos fen\u00f3menos de la Naturaleza que, hasta ahora, han sido objeto de diversas especulaciones.<\/span><\/p>\n<p style=\"text-align: justify;\"><span style=\"font-family: book antiqua, palatino, serif; font-size: 20px;\">As\u00ed pues, la reacci\u00f3n de la microestructura, de la diada-antidiada, de un objeto f\u00edsico a una fuerza externa vectorial aplicada es el retraso de los protones pesados respecto a los electrones m\u00e1s ligeros <em>(en tres \u00f3rdenes de magnitud)<\/em>, de lo cual se deduce lo siguiente:<\/span><\/p>\n<ul>\n<li style=\"text-align: justify;\"><span style=\"font-family: book antiqua, palatino, serif; font-size: 20px;\">Cambio en la forma de las \u00f3rbitas de los electrones.<\/span><\/li>\n<li style=\"text-align: justify;\"><span style=\"font-family: book antiqua, palatino, serif; font-size: 20px;\">El cambio en las \u00f3rbitas de movimiento de los electrones conduce a la excitaci\u00f3n del vac\u00edo f\u00edsico <em>(el movimiento de las part\u00edculas elementales tiene lugar en el vac\u00edo)<\/em> y al nacimiento de fotones.<\/span><\/li>\n<li>\n<p style=\"text-align: justify;\"><span style=\"font-family: book antiqua, palatino, serif; font-size: 20px;\">El nacimiento de fotones a nivel at\u00f3mico <em>(dentro de un objeto f\u00edsico)<\/em>, en lenguaje sencillo, es el proceso de calentamiento, que tambi\u00e9n se observa en la deformaci\u00f3n artificial de los cuerpos f\u00edsicos.<\/span><\/p>\n<\/li>\n<\/ul>\n<p style=\"text-align: justify;\"><strong><span style=\"font-family: book antiqua, palatino, serif; font-size: 20px;\">Entonces, \u00bfpor qu\u00e9 explotaron los meteoritos de Tunguska y Cheli\u00e1binsk?<\/span><\/strong><\/p>\n<ul>\n<li style=\"text-align: justify;\"><span style=\"font-family: book antiqua, palatino, serif; font-size: 20px;\">Ambos meteoritos entraron en la atm\u00f3sfera terrestre con una trayectoria tangencial. <\/span><\/li>\n<li style=\"text-align: justify;\"><span style=\"font-family: book antiqua, palatino, serif; font-size: 20px;\">La trayectoria tangencial es la ruta de frenado m\u00e1s larga. El meteorito de Cheli\u00e1binsk entr\u00f3 en la atm\u00f3sfera a una velocidad de <em><strong>30 <\/strong><\/em><span style=\"font-size: 24px;\"><em><sub>(km\/s)<\/sub><\/em><\/span>, y la explosi\u00f3n ocurri\u00f3 a una velocidad de <em><strong>15<\/strong><\/em> <span style=\"font-size: 24px;\"><sub><em>(km\/s)<\/em><\/sub><\/span>, muy probablemente de forma similar al de Tunguska, aunque en aquella \u00e9poca no se pudo establecer la velocidad de entrada en la atm\u00f3sfera ni la velocidad en el momento de la explosi\u00f3n.<\/span><\/li>\n<li style=\"text-align: justify;\"><span style=\"font-family: book antiqua, palatino, serif; font-size: 20px;\"> Los expertos en materiales que se dedican a tecnolog\u00edas de defensa o espaciales saben que la resistencia de los fuselajes y mecanismos se calcula en funci\u00f3n de su estabilidad a la aceleraci\u00f3n, ya que el movimiento uniforme no produce efectos destructivos. Las potentes explosiones de estos meteoritos indican el predominio de un nucleido homog\u00e9neo en la composici\u00f3n qu\u00edmica del objeto, ya que, en caso de que la composici\u00f3n no fuera homog\u00e9nea, el objeto se habr\u00eda desintegrado o quemado por etapas.<\/span><\/li>\n<\/ul>\n<p data-start=\"2\" data-end=\"36\"><strong><span style=\"font-family: book antiqua, palatino, serif; font-size: 20px;\">Sobre las armas nucleares.<\/span><\/strong><\/p>\n<p style=\"text-align: justify;\" data-start=\"38\" data-end=\"566\"><span style=\"font-family: book antiqua, palatino, serif; font-size: 20px;\">Muchos han o\u00eddo, a trav\u00e9s de relatos y videos, que para la producci\u00f3n de cargas de armas nucleares se utilizan los elementos qu\u00edmicos m\u00e1s pesados existentes en la Naturaleza: los is\u00f3topos de <strong>uranio 235<\/strong> o, como el obtenido en reactores especiales, los is\u00f3topos <strong>de plutonio 239<\/strong>. El <strong>plutonio 239<\/strong> tambi\u00e9n se sintetiza durante el funcionamiento de las barras de uranio en las centrales nucleares, por lo que los pa\u00edses desarrollados intentan evitar el desarrollo de la energ\u00eda nuclear en los llamados pa\u00edses del tercer mundo.<\/span><\/p>\n<p data-start=\"568\" data-end=\"646\"><strong><span style=\"font-family: book antiqua, palatino, serif; font-size: 20px;\">\u00bfPor qu\u00e9 se usan para ello los is\u00f3topos de los elementos qu\u00edmicos m\u00e1s pesados?<\/span><\/strong><\/p>\n<p style=\"text-align: justify;\" data-start=\"648\" data-end=\"1339\"><span style=\"font-family: book antiqua, palatino, serif; font-size: 20px;\">Para los nucleidos pesados se requiere una menor aceleraci\u00f3n para el colapso espont\u00e1neo de la estructura cristalina, por eso en dispositivos nucleares, por ejemplo, dos partes de plutonio son disparadas una contra la otra mediante carga de <strong>Trinitrotolueno<\/strong>\u00a0<em>(TNT)<\/em>, lo que conduce al colapso espont\u00e1neo de los n\u00facleos y a la liberaci\u00f3n de energ\u00eda; pero en las fuentes oficiales se mencionan tambi\u00e9n otros m\u00e9todos \u2014por ejemplo, la presencia en los iniciadores de elementos radiactivos que emulan neutrones y favorecen el colapso espont\u00e1neo del <strong>uranio-235<\/strong> o del <strong>plutonio-239<\/strong>. Entonces, \u00bfpara qu\u00e9 la acci\u00f3n f\u00edsica sobre la carga? Hay que entender que la descripci\u00f3n de esas tecnolog\u00edas no suele hacerse p\u00fablica.<\/span><\/p>\n<p style=\"text-align: justify;\" data-start=\"1341\" data-end=\"1610\" data-is-last-node=\"\" data-is-only-node=\"\"><span style=\"font-family: book antiqua, palatino, serif; font-size: 20px;\">Los conjuntos de nucleidos ligeros son m\u00e1s resistentes a las sobrecargas, es decir, a la aceleraci\u00f3n; por eso para los fuselajes de los aparatos de vuelo modernos se desarrollan materiales a base de carbono, que adem\u00e1s resultan convenientes por su bajo peso espec\u00edfico.<\/span><\/p>\n<hr \/>\n<ul>\n<li style=\"text-align: justify;\"><span style=\"font-family: book antiqua, palatino, serif; font-size: 20px; color: #ff0000;\"><em>Dejar el comentario \u2013 no hace falta registro.<\/em><\/span><\/li>\n<li style=\"text-align: justify;\"><span style=\"font-family: book antiqua, palatino, serif; font-size: 20px; color: #ff0000;\"><em>Para <span class=\"st\">insertar<\/span> la ecuaci\u00f3n en los comentarios\u2013 utilizar el sistema \u00ab<a style=\"color: #ff0000;\" href=\"https:\/\/www.codecogs.com\/latex\/eqneditor.php\" target=\"_blank\" rel=\"noopener\">L\u00c1TEX<\/a>\u00ab. La f\u00f3rmula se abre con la palabra \u2013 katex [entre] y se cierra \u2013 katex [\/entre].<\/em><\/span><\/li>\n<li style=\"text-align: justify;\"><span style=\"font-family: book antiqua, palatino, serif; font-size: 20px; color: #ff0000;\"><em>Comentarios con enlaces \u2013 entraran en el correo no deseado, para verificar el contenido.<\/em><\/span><\/li>\n<\/ul>\n","protected":false},"excerpt":{"rendered":"<p>Numero de visitas &#8211; 194220 451 &#8211; Visitantes\u00a0 \u00a9 13.06.2013 El Autor \u2013 Roz\u00e1nov Oleg Nicol\u00e1evich\u00a0 \u00abLa fuerza de inercia innata\u00bb es la reacci\u00f3n mec\u00e1nica del par (diada &#8211; antidiada) &#8211; , unido por la interacci\u00f3n de Coulomb, o de un objeto f\u00edsico compuesto por estos dobletes, a una fuerza\u2026 <a class=\"continue-reading-link\" href=\"https:\/\/electromagnetic-universe-by-rozanov.space\/U_E_de_R\/?page_id=3854\">Continuar<\/a><\/p>\n","protected":false},"author":1,"featured_media":0,"parent":138,"menu_order":2,"comment_status":"open","ping_status":"open","template":"","meta":{"iawp_total_views":0,"footnotes":""},"class_list":["post-3854","page","type-page","status-publish","hentry"],"_links":{"self":[{"href":"https:\/\/electromagnetic-universe-by-rozanov.space\/U_E_de_R\/index.php?rest_route=\/wp\/v2\/pages\/3854","targetHints":{"allow":["GET"]}}],"collection":[{"href":"https:\/\/electromagnetic-universe-by-rozanov.space\/U_E_de_R\/index.php?rest_route=\/wp\/v2\/pages"}],"about":[{"href":"https:\/\/electromagnetic-universe-by-rozanov.space\/U_E_de_R\/index.php?rest_route=\/wp\/v2\/types\/page"}],"author":[{"embeddable":true,"href":"https:\/\/electromagnetic-universe-by-rozanov.space\/U_E_de_R\/index.php?rest_route=\/wp\/v2\/users\/1"}],"replies":[{"embeddable":true,"href":"https:\/\/electromagnetic-universe-by-rozanov.space\/U_E_de_R\/index.php?rest_route=%2Fwp%2Fv2%2Fcomments&post=3854"}],"version-history":[{"count":8,"href":"https:\/\/electromagnetic-universe-by-rozanov.space\/U_E_de_R\/index.php?rest_route=\/wp\/v2\/pages\/3854\/revisions"}],"predecessor-version":[{"id":5322,"href":"https:\/\/electromagnetic-universe-by-rozanov.space\/U_E_de_R\/index.php?rest_route=\/wp\/v2\/pages\/3854\/revisions\/5322"}],"up":[{"embeddable":true,"href":"https:\/\/electromagnetic-universe-by-rozanov.space\/U_E_de_R\/index.php?rest_route=\/wp\/v2\/pages\/138"}],"wp:attachment":[{"href":"https:\/\/electromagnetic-universe-by-rozanov.space\/U_E_de_R\/index.php?rest_route=%2Fwp%2Fv2%2Fmedia&parent=3854"}],"curies":[{"name":"wp","href":"https:\/\/api.w.org\/{rel}","templated":true}]}}